{"id":1494,"date":"2025-08-27T15:45:17","date_gmt":"2025-08-27T15:45:17","guid":{"rendered":"https:\/\/preflexa.com\/index.php\/quienes-somos\/"},"modified":"2025-08-28T16:02:52","modified_gmt":"2025-08-28T16:02:52","slug":"nosotros","status":"publish","type":"page","link":"https:\/\/preflexa.com\/index.php\/nosotros\/","title":{"rendered":"Nosotros"},"content":{"rendered":"\n<p class=\"has-base-color has-text-color has-link-color wp-elements-b57f160c58f243576db3df107a7fee2e\"><strong>MISION:<\/strong><br>Promover la agricultura de conservaci\u00f3n y sistemas de producci\u00f3n sustentable de alimentos en el campo, beneficiando al sector rural con bienestar ambiental, social y econ\u00f3mico.<\/p>\n\n\n\n<p class=\"has-base-color has-text-color has-link-color wp-elements-0ab4691cbb8eeb8128ccbb739e49a82c\"><strong>VISION:<\/strong><br>Ser una s\u00f3lida alternativa para los habitantes del sector rural que quieran resolver los problemas de degradaci\u00f3n de sus recursos naturales, aumentar sus rendimientos por hect\u00e1rea y reducir los costos de producci\u00f3n por hect\u00e1rea.<\/p>\n\n\n\n<p class=\"has-base-color has-text-color has-link-color wp-elements-b94c6d79fcfe0129dcfcb718447a31a4\">Promover el equipamiento racional de maquinaria agr\u00edcola para realizar agricultura de conservaci\u00f3n&nbsp;entre los socios activos<\/p>\n\n\n\n<p class=\"has-base-color has-text-color has-link-color wp-elements-9d754f34eed003aa8581f0d3feabb285\">Formular y desarrollar proyectos productivos en agricultura de conservaci\u00f3n como una fuente de&nbsp;propuestas a los sectores productivos, institucionales, empresas privadas y sociedad en general.<\/p>\n\n\n\n<p class=\"has-base-color has-text-color has-link-color wp-elements-70da744ca1ba990088bc62dfe3b7e5e8\">Todas las actividades antes mencionadas solo podr\u00e1n realizarse con \u00e9xito al estar coordinados en&nbsp;una plataforma horizontal de enlaces y de inclusi\u00f3n como hasta la fecha lo estamos haciendo con el&nbsp;centro internacional de mejoramiento de ma\u00edz y trigo CIMMYT y organizaciones de productores.<\/p>\n\n\n\n<div class=\"wp-block-columns is-layout-flex wp-container-core-columns-is-layout-28f84493 wp-block-columns-is-layout-flex\">\n<div class=\"wp-block-column is-layout-flow wp-block-column-is-layout-flow\">\n<figure class=\"wp-block-image size-large\"><img loading=\"lazy\" decoding=\"async\" width=\"1024\" height=\"576\" src=\"https:\/\/preflexa.com\/wp-content\/uploads\/2025\/08\/Diseno-sin-titulo-1-1024x576.jpg\" alt=\"\" class=\"wp-image-1642\" srcset=\"https:\/\/preflexa.com\/wp-content\/uploads\/2025\/08\/Diseno-sin-titulo-1-1024x576.jpg 1024w, https:\/\/preflexa.com\/wp-content\/uploads\/2025\/08\/Diseno-sin-titulo-1-300x169.jpg 300w, https:\/\/preflexa.com\/wp-content\/uploads\/2025\/08\/Diseno-sin-titulo-1-768x432.jpg 768w, https:\/\/preflexa.com\/wp-content\/uploads\/2025\/08\/Diseno-sin-titulo-1-1536x864.jpg 1536w, https:\/\/preflexa.com\/wp-content\/uploads\/2025\/08\/Diseno-sin-titulo-1.jpg 1920w\" sizes=\"auto, (max-width: 1024px) 100vw, 1024px\" \/><\/figure>\n<\/div>\n\n\n\n<div class=\"wp-block-column is-layout-flow wp-block-column-is-layout-flow\">\n<figure class=\"wp-block-image size-large\"><img loading=\"lazy\" decoding=\"async\" width=\"1024\" height=\"576\" src=\"https:\/\/preflexa.com\/wp-content\/uploads\/2025\/08\/Diseno-sin-titulo-1024x576.jpg\" alt=\"\" class=\"wp-image-1644\" srcset=\"https:\/\/preflexa.com\/wp-content\/uploads\/2025\/08\/Diseno-sin-titulo-1024x576.jpg 1024w, https:\/\/preflexa.com\/wp-content\/uploads\/2025\/08\/Diseno-sin-titulo-300x169.jpg 300w, https:\/\/preflexa.com\/wp-content\/uploads\/2025\/08\/Diseno-sin-titulo-768x432.jpg 768w, https:\/\/preflexa.com\/wp-content\/uploads\/2025\/08\/Diseno-sin-titulo-1536x864.jpg 1536w, https:\/\/preflexa.com\/wp-content\/uploads\/2025\/08\/Diseno-sin-titulo.jpg 1920w\" sizes=\"auto, (max-width: 1024px) 100vw, 1024px\" \/><\/figure>\n<\/div>\n\n\n\n<div class=\"wp-block-column is-layout-flow wp-block-column-is-layout-flow\">\n<figure class=\"wp-block-image size-large\"><img loading=\"lazy\" decoding=\"async\" width=\"1024\" height=\"576\" src=\"https:\/\/preflexa.com\/wp-content\/uploads\/2025\/08\/Diseno-sin-titulo-2-1024x576.jpg\" alt=\"\" class=\"wp-image-1641\" srcset=\"https:\/\/preflexa.com\/wp-content\/uploads\/2025\/08\/Diseno-sin-titulo-2-1024x576.jpg 1024w, https:\/\/preflexa.com\/wp-content\/uploads\/2025\/08\/Diseno-sin-titulo-2-300x169.jpg 300w, https:\/\/preflexa.com\/wp-content\/uploads\/2025\/08\/Diseno-sin-titulo-2-768x432.jpg 768w, https:\/\/preflexa.com\/wp-content\/uploads\/2025\/08\/Diseno-sin-titulo-2-1536x864.jpg 1536w, https:\/\/preflexa.com\/wp-content\/uploads\/2025\/08\/Diseno-sin-titulo-2.jpg 1920w\" sizes=\"auto, (max-width: 1024px) 100vw, 1024px\" \/><\/figure>\n<\/div>\n<\/div>\n\n\n\n<p><\/p>\n","protected":false},"excerpt":{"rendered":"<p>MISION:Promover la agricultura de conservaci\u00f3n y sistemas de producci\u00f3n sustentable de alimentos en el campo, beneficiando al sector rural con bienestar ambiental, social y econ\u00f3mico. VISION:Ser una s\u00f3lida alternativa para los habitantes del sector rural que quieran resolver los problemas de degradaci\u00f3n de sus recursos naturales, aumentar sus rendimientos por hect\u00e1rea y reducir los costos [&hellip;]<\/p>\n","protected":false},"author":1,"featured_media":0,"parent":0,"menu_order":0,"comment_status":"closed","ping_status":"closed","template":"","meta":{"footnotes":""},"class_list":["post-1494","page","type-page","status-publish","hentry"],"_links":{"self":[{"href":"https:\/\/preflexa.com\/index.php\/wp-json\/wp\/v2\/pages\/1494","targetHints":{"allow":["GET"]}}],"collection":[{"href":"https:\/\/preflexa.com\/index.php\/wp-json\/wp\/v2\/pages"}],"about":[{"href":"https:\/\/preflexa.com\/index.php\/wp-json\/wp\/v2\/types\/page"}],"author":[{"embeddable":true,"href":"https:\/\/preflexa.com\/index.php\/wp-json\/wp\/v2\/users\/1"}],"replies":[{"embeddable":true,"href":"https:\/\/preflexa.com\/index.php\/wp-json\/wp\/v2\/comments?post=1494"}],"version-history":[{"count":3,"href":"https:\/\/preflexa.com\/index.php\/wp-json\/wp\/v2\/pages\/1494\/revisions"}],"predecessor-version":[{"id":1645,"href":"https:\/\/preflexa.com\/index.php\/wp-json\/wp\/v2\/pages\/1494\/revisions\/1645"}],"wp:attachment":[{"href":"https:\/\/preflexa.com\/index.php\/wp-json\/wp\/v2\/media?parent=1494"}],"curies":[{"name":"wp","href":"https:\/\/api.w.org\/{rel}","templated":true}]}}